ase 11, what is -248 + -4?
-251
In base 13, what is 22 - 2?
20
In base 7, what is 0 - 43?
-43
In base 8, what is -6 - 11?
-17
In base 13, what is 2 - 3c5?
-3c3
In base 2, what is -11000110100001 + -1?
-11000110100010
In base 15, what is 1e - -123?
142
In base 7, what is 10314 + 0?
10314
In base 9, what is -44 - -75?
31
In base 8, what is 3 + 50?
53
In base 16, what is -15 - -4?
-11
In base 16, what is 1 - -611?
612
In base 8, what is 0 - -71?
71
In base 4, what is -31302 - 11?
-31313
In base 14, what is -56 + 9?
-4b
In base 15, what is 12 - -9a?
ac
In base 3, what is 21 - -10112?
10210
In base 10, what is 88 + 0?
88
In base 16, what is 7 - -66d?
674
In base 13, what is -7 + 6?
-1
In base 10, what is -102 + 2?
-100
In base 9, what is 30 + -2?
27
In base 12, what is 1 + -a4?
-a3
In base 13, what is -3 - -47?
44
In base 10, what is -4 + -149?
-153
In base 5, what is 20 + 1004?
1024
In base 9, what is -1121 + -2?
-1123
In base 9, what is -145 + 5?
-140
In base 5, what is 2332 + 4?
2341
In base 9, what is 1332 - 0?
1332
In base 4, what is 230 - -2?
232
In base 2, what is 0 - -11?
11
In base 13, what is 34 + 24?
58
In base 16, what is f - 2d?
-1e
In base 15, what is -1 + -21d?
-21e
In base 5, what is -220 + 144?
-21
In base 2, what is -1 - 111010101?
-111010110
In base 14, what is 1 + 6?
7
In base 4, what is -12213 + -10?
-12223
In base 9, what is 0 + 104?
104
In base 5, what is 3 - -244?
302
In base 11, what is 184 + -4?
180
In base 10, what is -33 - 143?
-176
In base 7, what is 300 - -4?
304
In base 12, what is -1a4 + 8?
-198
In base 10, what is -6605 + 5?
-6600
In base 9, what is -7220 - 0?
-7220
In base 16, what is -1d3 - 6?
-1d9
In base 2, what is -1110010111 - 11?
-1110011010
In base 10, what is 113 + 92?
205
In base 7, what is 4 - -10240?
10244
In base 7, what is -255 + 6?
-246
In base 6, what is 1521 - 20?
1501
In base 12, what is 8 - -73?
7b
In base 11, what is -26 - 0?
-26
In base 8, what is 456 - 16?
440
In base 13, what is -22 + b7?
95
In base 9, what is 3 + -40?
-36
In base 2, what is 1 - 1101000?
-1100111
In base 13, what is 4 + -33?
-2c
In base 9, what is 1652 - -12?
1664
In base 8, what is 5 - -1216?
1223
In base 6, what is 2130 - -4?
2134
In base 8, what is -13 + 7?
-4
In base 6, what is 34 + 1?
35
In base 15, what is 64e - -7?
656
In base 11, what is -4 - -231?
228
In base 16, what is 5 - 8a9?
-8a4
In base 13, what is -1b - -85?
67
In base 10, what is 28 + -300?
-272
In base 13, what is -6 + -13?
-19
In base 8, what is 2 - 3361?
-3357
In base 2, what is -100 - -101101?
101001
In base 5, what is -144 + 2?
-142
In base 8, what is -127 - -12?
-115
In base 16, what is -81 - -b?
-76
In base 4, what is -330 - -201?
-123
In base 9, what is -42 + 15?
-26
In base 5, what is 1 - -2222?
2223
In base 3, what is -10 + -12001?
-12011
In base 2, what is -100101 - 101010010?
-101110111
In base 15, what is 0 - -7?
7
In base 2, what is 11111000010 - -10?
11111000100
In base 11, what is 147 - 1?
146
In base 9, what is 144 + -3?
141
In base 9, what is 48 + 26?
75
In base 9, what is -4 + -688?
-703
In base 13, what is 12 + -c1?
-ac
In base 12, what is -1 - 8?
-9
In base 9, what is 1 - 40?
-38
In base 4, what is 12121 - -3?
12130
In base 3, what is 1002 - -1010?
2012
In base 8, what is 13 + -6?
5
In base 5, what is -132020 + 2?
-132013
In base 6, what is -30530 + 0?
-30530
In base 7, what is 5 - 4001?
-3663
In base 13, what is 83 + -2?
81
In base 13, what is 3 - 4?
-1
In base 7, what is 143 - -15?
161
In base 3, what is 10 + -2012?
-2002
In base 2, what is -1100101 + 10?
-1100011
In base 12, what is -56 - 5?
-5b
In base 16, what is -c + 63?
57
In base 4, what is 23132 - 20?
23112
In base 10, what is 5 + -6551?
-6546
In base 14, what is 18 - 20?
-6
In base 13, what is c8a + -3?
c87
In base 10, what is 213 - 26?
187
In base 7, what is 20 + -2111?
-2061
In base 16, what is -3 - -1b?
18
In base 12, what is -157 + 1?
-156
In base 10, what is -3 - -92?
89
In base 7, what is -2310 + 3?
-2304
In base 9, what is -4 + 21?
16
In base 4, what is -1302221 - -11?
-1302210
In base 14, what is 45 - -6?
4b
In base 11, what is -12 + 511?
4aa
In base 5, what is -4 - -11?
2
In base 3, what is 22112 + -1?
22111
In base 14, what is -123 + 4?
-11d
In base 16, what is 5 - 337?
-332
In base 2, what is -110000011 - -11?
-110000000
In base 6, what is 50 - -2445?
2535
In base 16, what is 4 - 3c?
-38
In base 5, what is -2 - -20434?
20432
In base 2, what is 11 - 110?
-11
In base 6, what is -11 - -22?
11
In base 11, what is -142 + 3?
-13a
In base 11, what is 5 - a0?
-96
In base 14, what is 4 - -1abc?
1ac2
In base 13, what is -1a + 35?
18
In base 10, what is -1 + -36?
-37
In base 9, what is -2374 + 2?
-2372
In base 12, what is -6 + 59?
53
In base 5, what is 30 + -242?
-212
In base 15, what is 3 - -15?
18
In base 13, what is 3 - 513?
-510
In base 9, what is 5 - 173?
-167
In base 7, what is -16165 - 2?
-16200
In base 14, what is -1 - -3ba?
3b9
In base 10, what is 3 - 1845?
-1842
In base 11, what is -98 - -5?
-93
In base 4, what is 222120 - 1?
222113
In base 11, what is 3 - -57?
5a
In base 13, what is 4 - -28?
2c
In base 9, what is 55 - -3?
58
In base 14, what is -4 - 65?
-69
In base 10, what is 35 + -14?
21
In base 2, what is -110 - 1001101010010?
-1001101011000
In base 7, what is -1022 - 3?
-1025
In base 4, what is -3 - 10?
-13
In base 11, what is -176 - 2?
-178
In base 11, what is 948 - -5?
952
In base 3, what is 11 - -220222?
221010
In base 10, what is 55 - -4?
59
In base 8, what is -11 - 534?
-545
In base 9, what is -2 + -14327?
-14330
In base 5, what is -12401 - 4?
-12410
In base 5, what is -31 + 20?
-11
In base 3, what is 12 - 112021?
-112002
In base 11, what is 3 - 1?
2
In base 14, what is -3 + 9?
6
In base 6, what is 4 + -41?
-33
In base 15, what is 5a4 + -1e?
585
In base 7, what is 2 + 26?
31
In base 4, what is 2 - -2202?
2210
In base 12, what is 41 + -b?
32
In base 10, what is -28 - 1?
-29
In base 12, what is -2 + 3396?
3394
In base 11, what is -5 + 59?
54
In base 8, what is -3 + -204?
-207
In base 6, what is 3 + 314?
321
In base 4, what is -133 + -112?
-311
In base 11, what is 8832 - 2?
8830
In base 9, what is -646 - -14?
-632
In base 10, what is 5229 - 3?
5226
In base 14, what is 12c0 - 4?
12ba
In base 11, what is -80 + -3?
-83
In base 13, what is -1 - -3a?
39
In base 6, what is 24 - 415?
-351
In base 2, what is -1010100 + -10?
-1010110
In base 6, what is 2 + 354?
400
In base 16, what is -7 - e?
-15
In base 11, what is -604 + 0?
-604
In base 12, what is 32 + 36?
68
In base 8, what is -2 + 224?
222
In base 9, what is 333 - -33?
366
In base 16, what is 114 - 4?
110
In base 4, what is 310 - -313?
1223
In base 14, what is -5a6 - 1?
-5a7
In base 16, what is -4 + 16?
12
In base 13, what is -6 + 8a?
84
In base 13, what is 11 - -264?
275
In base 3, what is 0 - -2001?
2001
In base 6, what is -3 + -11?
-14
In base 4, what is -12320 - 21?
-13001
In base 6, what is 221124 + -2?
221122
In base 7, what is -22 - -1344?
1322
In base 8, what is -4 - -31?
25
In base 2, what is -11001001 - 110?
-11001111
In base 14, what is 4 - 47b?
-477
In base 14, what is 376 + 1?
377
In base 10, what is -5 - -251?
246
In base 10, what is -2 - -22?
20
In base 7, what is -122 + -30?
-152
In base 11, what is 5 - 6a0?
-696
In base 14, what is -9 + -c1?
-ca
In base 12, what is 1753 - 5?
174a
In base 5, what is 33 + -200?
-112
In base 15, what is -5 - 305?
-30a
In base 10, what is 3765 - -4?
3769
In base 14, what is 4 + -103?
-dd
In base 15, what is -8 - 12d?
-136
In base 9, what is -1253 - -7?
-1245
In base 14, what is -2d6 - 1?
-2d7
In base 14, what is -9 - -2?
-7
In base 7, what is -1 + 5461?
5460
In base 4, what is 11 - 231?
-220
In base 8, what is -4 - 353?
-357
In base 5, what is 1224 - -1?
1230
In base 9, what is -2075 - 3?
-2078
In base 15, what is -4 + -776?
-77a
In base 2, what is 110 - 11011?
-10101
In base 15, what is 1c + 6?
23
In base 7, what is 3 + 3122?
3125
In base 11, what is 4 + 102?
106
In base 10, what is -4 - -6937?
6933
In base 10, what is 5 - -19?
24
In base 2, what is -1110100111100 - 101?
-1110101000001
In base 11, what is -140 + 57?
-94
In base 7, what is -2 + -1?
-3
In base 9, what is -10 + 206?
186
In base 12, what is -3 - -30?
29
In base 11, what is 146 + 3?
149
In base 11, what